{"id":38,"date":"2014-09-08T16:32:00","date_gmt":"2014-09-08T14:32:00","guid":{"rendered":"http:\/\/musikkapelle-reimlingen.de\/?page_id=38"},"modified":"2016-01-06T18:41:00","modified_gmt":"2016-01-06T16:41:00","slug":"geschichte","status":"publish","type":"page","link":"https:\/\/musikkapelle-reimlingen.de\/?page_id=38","title":{"rendered":"Geschichte"},"content":{"rendered":"<p><strong>Die Entwicklung der Musikkapelle Reimlingen seit ihrer Gr\u00fcndung<\/strong><\/p>\n<p><em>Edmund Ratka<\/em><\/p>\n<p><strong>1927 <\/strong><br \/>\nNach m\u00fcndlichen \u00dcberlieferungen stellen sich in diesem Jahr Musikanten zu einem Foto zusammen und findet das erste Fronleichnamskonzert statt. Beides mag dazu beigetragen haben, dass man sich verst\u00e4rkt als eigene Gruppe neben S\u00e4nger- und Kirchenchor f\u00fchlt und sich nun als eigenst\u00e4ndiger Dorfverein etabliert. Vor allem Pfarrer Streicher und Lehrer Holderied nehmen sich der Musikanten an. Auch neue Mitglieder k\u00f6nnen geworben werden, sodass unter dem \u201e1. Z\u00e4hler\u201c Sebastian G\u00f6tz weltliche und vor allem kirchliche Feiern in ansprechender Besetzung umrahmt werden k\u00f6nnen.<\/p>\n<p style=\"text-align: center;\"><a href=\"http:\/\/musikkapelle-reimlingen.de\/wp-content\/uploads\/2014\/09\/011.jpg\"><img loading=\"lazy\" decoding=\"async\" class=\"alignnone size-medium wp-image-39 aligncenter\" src=\"http:\/\/musikkapelle-reimlingen.de\/wp-content\/uploads\/2014\/09\/011-300x246.jpg\" alt=\"01\" width=\"300\" height=\"246\" srcset=\"https:\/\/musikkapelle-reimlingen.de\/wp-content\/uploads\/2014\/09\/011-300x246.jpg 300w, https:\/\/musikkapelle-reimlingen.de\/wp-content\/uploads\/2014\/09\/011-182x150.jpg 182w, https:\/\/musikkapelle-reimlingen.de\/wp-content\/uploads\/2014\/09\/011-150x123.jpg 150w, https:\/\/musikkapelle-reimlingen.de\/wp-content\/uploads\/2014\/09\/011.jpg 600w\" sizes=\"auto, (max-width: 300px) 100vw, 300px\" \/><\/a><br \/>\n<em>Gr\u00fcndungsmitglieder 1927<br \/>\nVon links: ein Geselle des Musikhauses Macher(N\u00f6rdlingen),<br \/>\nSebastian G\u00f6tz, Leonhard K\u00fcnast, Georg Ziegler, Gebhard Lutz <\/em><\/p>\n<p><strong>1932 <\/strong><br \/>\nAuf Dr\u00e4ngen von Johann K\u00fcnzler wird eine Satzung f\u00fcr die Musikgemeinschaft erstellt. Diese, von Johann Wunderle niedergeschrieben, legt als Vereinszweck neben der Aus\u00fcbung von guter Instrumentalmusik vor allem die Weckung und F\u00f6rderung von Kameradschaftlichkeit und Gemeinschaftsgeist in ihrer Pr\u00e4ambel fest. Da Pfarrer Streicher die Gemeinde verl\u00e4sst, nimmt sich Musiklehrer Fischer nun der Kapelle an, der die vorwiegend kirchlichen Auftritte, meist in Verbindung mit seinem S\u00e4ngerchor, auch leitet.<br \/>\n\u00dcber die Kriegsjahre sind keine Aufzeichnungen zug\u00e4nglich, doch beteiligt man sich nach m\u00fcndlicher \u00dcberlieferung zumindest an den Fronleichnamsprozessionen.<\/p>\n<p><strong>1947<\/strong><br \/>\nVor allem Simon W\u00f6rle und Sebastian G\u00f6tz bem\u00fchen sich um einen Neuaufbau, wobei ihnen mit Musiklehrer Fischer ein erfahrener und sachkundiger Fachmann als Ausbilder zur Seite steht.<\/p>\n<p style=\"text-align: center;\"><a href=\"http:\/\/musikkapelle-reimlingen.de\/wp-content\/uploads\/2014\/09\/021.jpg\"><img loading=\"lazy\" decoding=\"async\" class=\"alignnone size-medium wp-image-40\" src=\"http:\/\/musikkapelle-reimlingen.de\/wp-content\/uploads\/2014\/09\/021-300x213.jpg\" alt=\"02\" width=\"300\" height=\"213\" srcset=\"https:\/\/musikkapelle-reimlingen.de\/wp-content\/uploads\/2014\/09\/021-300x213.jpg 300w, https:\/\/musikkapelle-reimlingen.de\/wp-content\/uploads\/2014\/09\/021-210x150.jpg 210w, https:\/\/musikkapelle-reimlingen.de\/wp-content\/uploads\/2014\/09\/021-150x106.jpg 150w, https:\/\/musikkapelle-reimlingen.de\/wp-content\/uploads\/2014\/09\/021.jpg 600w\" sizes=\"auto, (max-width: 300px) 100vw, 300px\" \/><\/a><\/p>\n<p><em>Die Reimlinger Kapelle im Jahre 1950<br \/>\n1. Reihe: Zeller Matth\u00e4us, Kohnle Josef, Diethei Konrad, Wohlfrom Xaver, Hackenberg Lothar, Bendl Albert, G\u00f6tz Sebastian (sen.), Rathgeber Alois, Weigl Heinrich.<br \/>\n2. Reihe: G\u00f6tz Sebastian (jun.), M\u00fcller Otto, Lutz Hugo, Mayer Michael, Hurler Josef, Ratka Edmund sen., Ott Konrad.<br \/>\n3. Reihe: Tischinger Stephan, M\u00fcller Max, Tischinger Alois, Amann Fritz, Hurler Georg, Fink Sebastian. <\/em><\/p>\n<p>&nbsp;<\/p>\n<p style=\"text-align: center;\"><em><a href=\"http:\/\/musikkapelle-reimlingen.de\/wp-content\/uploads\/2014\/09\/03.jpg\"><img loading=\"lazy\" decoding=\"async\" class=\"alignnone size-medium wp-image-41\" src=\"http:\/\/musikkapelle-reimlingen.de\/wp-content\/uploads\/2014\/09\/03-300x215.jpg\" alt=\"03\" width=\"300\" height=\"215\" srcset=\"https:\/\/musikkapelle-reimlingen.de\/wp-content\/uploads\/2014\/09\/03-300x215.jpg 300w, https:\/\/musikkapelle-reimlingen.de\/wp-content\/uploads\/2014\/09\/03-209x150.jpg 209w, https:\/\/musikkapelle-reimlingen.de\/wp-content\/uploads\/2014\/09\/03-150x107.jpg 150w, https:\/\/musikkapelle-reimlingen.de\/wp-content\/uploads\/2014\/09\/03.jpg 600w\" sizes=\"auto, (max-width: 300px) 100vw, 300px\" \/><\/a><br \/>\nDie Musikkapelle 1954 beim Fronleichnamsumzug <\/em><\/p>\n<p><strong>1958 <\/strong><br \/>\nDie erste Uniform wird angeschafft. Man einigt sich auf eine Schirmm\u00fctze mit einer Lyra als Emblem. Zum wei\u00dfen Hemd mit schwarzer Krawatte wird eine dunkelblaue Hose mit wei\u00dfen Nahtstreifen getragen. Weil Musiklehrer Fischer bei Unterhaltungsmusiken nicht als Dirigent fungieren will, \u00fcbernehmen anfangs Vorstand Heinrich Weigl und sp\u00e4ter Max M\u00fcller als \u201eMusikmeister\u201c diese Aufgabe.<\/p>\n<p><strong>1961<\/strong><br \/>\nDa die Musikkapelle nur noch 18 aktive Mitglieder z\u00e4hlt, beginnt in den Folgejahren eine recht erfolgreiche Werbung um Nachwuchs. Um als Umzugskapelle attraktiver zu werden, l\u00e4sst man zeitweilig ein W\u00e4gelchen, auf das man die gro\u00dfe Marschtrommel platziert, mitten in der Kapelle von einem Esel ziehen.<\/p>\n<p style=\"text-align: center;\"><a href=\"http:\/\/musikkapelle-reimlingen.de\/wp-content\/uploads\/2014\/09\/041.jpg\"><img loading=\"lazy\" decoding=\"async\" class=\"alignnone size-medium wp-image-42\" src=\"http:\/\/musikkapelle-reimlingen.de\/wp-content\/uploads\/2014\/09\/041-300x208.jpg\" alt=\"04\" width=\"300\" height=\"208\" srcset=\"https:\/\/musikkapelle-reimlingen.de\/wp-content\/uploads\/2014\/09\/041-300x208.jpg 300w, https:\/\/musikkapelle-reimlingen.de\/wp-content\/uploads\/2014\/09\/041-215x150.jpg 215w, https:\/\/musikkapelle-reimlingen.de\/wp-content\/uploads\/2014\/09\/041-150x104.jpg 150w, https:\/\/musikkapelle-reimlingen.de\/wp-content\/uploads\/2014\/09\/041.jpg 600w\" sizes=\"auto, (max-width: 300px) 100vw, 300px\" \/><\/a><br \/>\n<em>Die Musikkapelle 1967: Bei Umz\u00fcgen wurde die Trommel von einem Esel gezogen. <\/em><\/p>\n<p><strong>1970 <\/strong><br \/>\nEndlich erinnert man sich der Bodenst\u00e4ndigkeit der Kapelle und schafft sich eine schw\u00e4bische Tracht mit blauem Janker an. Au\u00dferdem formiert sich ein Bl\u00e4serquintett zur Pflege urspr\u00fcnglicher Rieser Tanzmusik.<\/p>\n<p><strong>1971 <\/strong><br \/>\nAls erste Kapelle des Altkreises N\u00f6rdlingen tritt man dem Bezirk 17 des Allg\u00e4u-Schw\u00e4bischen Musikbundes bei.<\/p>\n<p><strong>1972<\/strong><br \/>\nEdmund Ratka unterst\u00fctzt den Dirigenten Max M\u00fcller bei dessen Arbeit und \u00fcbernimmt in Folge das Amt des Dirigenten, das er bis heute aus\u00fcbt.<\/p>\n<p style=\"text-align: center;\"><a href=\"http:\/\/musikkapelle-reimlingen.de\/wp-content\/uploads\/2014\/09\/051.jpg\"><img loading=\"lazy\" decoding=\"async\" class=\"alignnone size-medium wp-image-43\" src=\"http:\/\/musikkapelle-reimlingen.de\/wp-content\/uploads\/2014\/09\/051-300x203.jpg\" alt=\"05\" width=\"300\" height=\"203\" srcset=\"https:\/\/musikkapelle-reimlingen.de\/wp-content\/uploads\/2014\/09\/051-300x203.jpg 300w, https:\/\/musikkapelle-reimlingen.de\/wp-content\/uploads\/2014\/09\/051-221x150.jpg 221w, https:\/\/musikkapelle-reimlingen.de\/wp-content\/uploads\/2014\/09\/051-150x101.jpg 150w, https:\/\/musikkapelle-reimlingen.de\/wp-content\/uploads\/2014\/09\/051.jpg 600w\" sizes=\"auto, (max-width: 300px) 100vw, 300px\" \/><\/a><br \/>\n<em>Dirigent Max M\u00fcller 1972 mit unserem heutigen Dirigenten Edmund Ratka, der bei Auftritten noch als Trompeter gebraucht wurde<\/em><\/p>\n<p style=\"text-align: left;\"><strong>1973 <\/strong><br \/>\nBei einer gezielten gro\u00dfen Nachwuchswerbung wird zum ersten Mal auch die weibliche Jugend angesprochen. Da der Zuspruch alle Erwartungen \u00fcbertrifft, beschlie\u00dft man, mit den j\u00fcngeren Burschen ein Trommlercorps unter Leitung von Heinrich Weigl zu gr\u00fcnden.<\/p>\n<p><strong>1975<\/strong><br \/>\nVor einer Kinoleinwand spielend er\u00f6ffnet die Kapelle die Filmpremiere \u201eWei\u00df-Blau\u201c in M\u00fcnchen. Auf Anregung von Musiklehrer Fischer findet sich ein Quartett, das sich vor allem barocker Kirchenmusik annimmt.<\/p>\n<p style=\"text-align: center;\"><a href=\"http:\/\/musikkapelle-reimlingen.de\/wp-content\/uploads\/2014\/09\/061.jpg\"><img loading=\"lazy\" decoding=\"async\" class=\"alignnone size-medium wp-image-44\" src=\"http:\/\/musikkapelle-reimlingen.de\/wp-content\/uploads\/2014\/09\/061-300x194.jpg\" alt=\"06\" width=\"300\" height=\"194\" srcset=\"https:\/\/musikkapelle-reimlingen.de\/wp-content\/uploads\/2014\/09\/061-300x194.jpg 300w, https:\/\/musikkapelle-reimlingen.de\/wp-content\/uploads\/2014\/09\/061-231x150.jpg 231w, https:\/\/musikkapelle-reimlingen.de\/wp-content\/uploads\/2014\/09\/061-150x97.jpg 150w, https:\/\/musikkapelle-reimlingen.de\/wp-content\/uploads\/2014\/09\/061.jpg 600w\" sizes=\"auto, (max-width: 300px) 100vw, 300px\" \/><\/a><br \/>\n<em>Unterhaltungsmusik nach der Filmpremiere \u201eWei\u00df-Blau\u201c in M\u00fcnchen<\/em><\/p>\n<p><strong>1977 <\/strong><br \/>\nDie Kapelle \u00fcbernimmt die Ausrichtung des 4. Bezirksmusikfestes (siehe Seiten 65\u201368) im Bezirk 17 des Allg\u00e4u-Schw\u00e4bischen Musikbundes. \u00dcber 10 000 Besucher werden gez\u00e4hlt, als 23 Kapellen durch Reimlingens Stra\u00dfen ziehen. Im gleichen Jahr beginnt Dirigent Edmund Ratka mit dem Aufbau einer Jugendkapelle.<\/p>\n<p><strong>1978 <\/strong><br \/>\nDie alte Satzung von 1932 wird durch eine neue ersetzt und die Musikkapelle Reimlingen ins Vereinsregister eingetragen.<\/p>\n<p><strong>1980 <\/strong><br \/>\nJosef Kohnle wird f\u00fcr 17-j\u00e4hrige T\u00e4tigkeit als 1. Vorstand zum Ehrenvorstand und Albert Bendl f\u00fcr 28-j\u00e4hrige Kassenverwaltung zum Ehrenmitglied ernannt.<\/p>\n<p><strong>1981 <\/strong><br \/>\nMusiklehrer Fischer wird ob seiner gro\u00dfen Verdienste f\u00fcr die Musikkapelle Reimlingen als Ehrenmitglied in den Verein aufgenommen.<\/p>\n<p><strong>1983 <\/strong><br \/>\nDa die Jugendkapelle vollst\u00e4ndig in die Stammkapelle wechselt, w\u00e4chst diese kurzzeitig auf fast 60 aktive Mitglieder an. Im September nimmt man aktiv am Oktoberfestumzug in M\u00fcnchen teil.<\/p>\n<p><strong>1987 <\/strong><br \/>\nDie Musikkapelle richtet anl\u00e4sslich ihres 60-j\u00e4hrigen Bestehens das 12. Bezirksmusikfest des Bezirkes 17 des Allg\u00e4u-Schw\u00e4bischen Musikbundes (siehe Seiten 69\u201372) aus. Als besonderer Wettbewerb wird \u201eWer h\u00e4lt den l\u00e4ngsten Ton?\u201c durchgef\u00fchrt. Zum ersten Mal nimmt man als Umzugskapelle am \u201eBrezelfest\u201c in Speyer teil.<\/p>\n<p><strong>1989 <\/strong><br \/>\nEdmund Ratka beginnt mit dem Aufbau einer Trommlergruppe f\u00fcr Marschmusik, in der die Nachwuchsmusikanten zwei Jahre verbleiben und auf die eigentliche Instrumentalausbildung vorbereitet werden.<\/p>\n<p><strong>1991<\/strong><br \/>\nDer Musikverein f\u00e4hrt zum Besuch der Kapelle Vegesack nach Bremen, die ein Jahr sp\u00e4ter zum Gegenbesuch nach Reimlingen kommt.<\/p>\n<p><strong>1992 <\/strong><br \/>\nIm Fr\u00fchjahrskonzert werden erstmals die neuen Pauken eingesetzt. Im gleichen Jahr besucht man die Blaoskapel \u201eKlein m\u00e8r Neugter\u201c aus Nederweert in den Niederlanden, zu der man dabei enge Freundschaft kn\u00fcpft.<\/p>\n<p><strong>1995 <\/strong><br \/>\nDa die Anzahl der Musikantinnen und Musikanten stetig w\u00e4chst, wird erneut eine Jugendkapelle gegr\u00fcndet, die Dirigent Edmund Ratka leitet. Ute Maillinger nimmt sich verst\u00e4rkt der Nachwuchses an und baut in Folge ein selbstst\u00e4ndig auftretendes Vororchester auf.<\/p>\n<p><strong>1996 <\/strong><br \/>\nJugendkapelle (Anf\u00e4ngerstufe) und Stammkapelle (Oberstufe) erreichen beim Wertungsspiel in Monheim einen 1. Rang mit Belobigung. Zur Feier des 20-j\u00e4hrigen Jumelage-Datums f\u00e4hrt man in die Partnergemeinde Bourgueil.<\/p>\n<p><strong>1997 <\/strong><br \/>\nMit der gesamten Kapelle besucht man Nederweert, da der befreundete Verein sein 50-j\u00e4hriges Jubil\u00e4um feiert. Die Vereinsjugend bekommt ihre eigene Vorstandschaft und als neue wiederkehrende Veranstaltung wird ein nachmitt\u00e4gliches Jugendkonzert im Bildungshaus beschlossen. Dieses findet seither j\u00e4hrlich abwechselnd mit dem Fr\u00fchjahrskonzert statt.<\/p>\n<p><strong>1999 <\/strong><br \/>\nVon der Musikkapelle wird in Herkheim die \u201eSerenade zum Gro\u00dfen Zapfenstreich\u201c mit einer Fanfarengruppe erstmals aufgef\u00fchrt. Die Jugendkapelle, verst\u00e4rkt durch die Stammkapelle, wird in Frankreich enthusiastisch gefeiert, als sie in Bourgueil zur Aufstellung des Maibaumes aufspielt.<br \/>\nIm gleichen Jahr beteiligt sich die gesamte Kapelle am Umzug der \u201eCannstatter Vasen\u201c.<\/p>\n<p style=\"text-align: center;\"><a href=\"http:\/\/musikkapelle-reimlingen.de\/wp-content\/uploads\/2014\/09\/08.jpg\"><img loading=\"lazy\" decoding=\"async\" class=\"alignnone size-medium wp-image-45\" src=\"http:\/\/musikkapelle-reimlingen.de\/wp-content\/uploads\/2014\/09\/08-300x167.jpg\" alt=\"08\" width=\"300\" height=\"167\" srcset=\"https:\/\/musikkapelle-reimlingen.de\/wp-content\/uploads\/2014\/09\/08-300x167.jpg 300w, https:\/\/musikkapelle-reimlingen.de\/wp-content\/uploads\/2014\/09\/08-250x139.jpg 250w, https:\/\/musikkapelle-reimlingen.de\/wp-content\/uploads\/2014\/09\/08-150x83.jpg 150w, https:\/\/musikkapelle-reimlingen.de\/wp-content\/uploads\/2014\/09\/08.jpg 600w\" sizes=\"auto, (max-width: 300px) 100vw, 300px\" \/><\/a><br \/>\n<em> Gemeinsames Musizieren mit der Blaoskapel \u201eKlein m\u00e8r Neugter\u201c aus Nederweert (Niederlande) 1999 bei unserem im zweij\u00e4hrigen Rhythmus stattfindenden Gartenfest <\/em><\/p>\n<p style=\"text-align: left;\"><strong>2000<\/strong><br \/>\nAls Patenkapelle begleitet und unterst\u00fctzt man die Musikkapelle Ederheim bei ihrem Bezirksmusikfest, bei dem diese ihr 75-j\u00e4hriges Jubil\u00e4um feiert.<br \/>\nInitiiert vom 2. Vorstand Otto M\u00fcller stellt die Musikkapelle am Adlerberg eine neues Kreuz auf.<\/p>\n<p style=\"text-align: center;\"><a href=\"http:\/\/musikkapelle-reimlingen.de\/wp-content\/uploads\/2014\/09\/09.jpg\"><img loading=\"lazy\" decoding=\"async\" class=\"alignnone size-medium wp-image-46\" src=\"http:\/\/musikkapelle-reimlingen.de\/wp-content\/uploads\/2014\/09\/09-300x195.jpg\" alt=\"09\" width=\"300\" height=\"195\" srcset=\"https:\/\/musikkapelle-reimlingen.de\/wp-content\/uploads\/2014\/09\/09-300x195.jpg 300w, https:\/\/musikkapelle-reimlingen.de\/wp-content\/uploads\/2014\/09\/09-230x150.jpg 230w, https:\/\/musikkapelle-reimlingen.de\/wp-content\/uploads\/2014\/09\/09-150x97.jpg 150w, https:\/\/musikkapelle-reimlingen.de\/wp-content\/uploads\/2014\/09\/09.jpg 600w\" sizes=\"auto, (max-width: 300px) 100vw, 300px\" \/><\/a><br \/>\n<em>Einweihung des neuen Kreuzes am Adlerberg 2000 <\/em><\/p>\n<p><strong>2001 <\/strong><br \/>\nGro\u00dfe Anerkennung findet die n\u00e4chtliche Auff\u00fchrung der \u201eSerenade zum Gro\u00dfen Zapfenstreich\u201c am Waldrand in Bollstadt.<br \/>\nIm Schlosshof produziert SAT 1 mit der Jugendkapelle einen Fernsehtrailer, wobei die M\u00e4dchen in T-Shirts mit Amerikaflagge zu \u201eAmerican Pie\u201c von Madonna einen Formationstanz pr\u00e4sentieren. Als traditioneller Blasmusikbeitrag wird Edmund Ratka\u00b4s \u201e1. Reimlinger Liedermarsch\u201c aufgenommen.<\/p>\n<p style=\"text-align: center;\"><a href=\"http:\/\/musikkapelle-reimlingen.de\/wp-content\/uploads\/2014\/09\/10.jpg\"><img loading=\"lazy\" decoding=\"async\" class=\"alignnone size-medium wp-image-47\" src=\"http:\/\/musikkapelle-reimlingen.de\/wp-content\/uploads\/2014\/09\/10-300x196.jpg\" alt=\"10\" width=\"300\" height=\"196\" srcset=\"https:\/\/musikkapelle-reimlingen.de\/wp-content\/uploads\/2014\/09\/10-300x196.jpg 300w, https:\/\/musikkapelle-reimlingen.de\/wp-content\/uploads\/2014\/09\/10-228x150.jpg 228w, https:\/\/musikkapelle-reimlingen.de\/wp-content\/uploads\/2014\/09\/10-150x98.jpg 150w, https:\/\/musikkapelle-reimlingen.de\/wp-content\/uploads\/2014\/09\/10.jpg 500w\" sizes=\"auto, (max-width: 300px) 100vw, 300px\" \/><\/a><\/p>\n<p style=\"text-align: center;\"><em>Auff\u00fchrung der \u201eSerenade zum Gro\u00dfen Zapfenstreich\u201c in Bollstadt 2001<\/em><\/p>\n<p><strong>2002 <\/strong><br \/>\nZum dritten Mal richtet die Musikkapelle Reimlingen nun das Bezirksmusikfest aus. Das 14. Bezirksmusikfest des inzwischen neu gegr\u00fcndeten Bezirkes 16 des Allg\u00e4u-Schw\u00e4bischen Musikbundes wird sicher als weiterer H\u00f6hepunkt in die Annalen des Reimlinger Musikvereins eingehen, der mit Trommlercorps, Vororchester, Jugendkapelle und Stammkapelle, nun vier Musikgruppen mit \u00fcber hundert aktiven Mitgliedern betreut.<\/p>\n","protected":false},"excerpt":{"rendered":"<p>Die Entwicklung der Musikkapelle Reimlingen seit ihrer Gr\u00fcndung Edmund Ratka 1927 Nach m\u00fcndlichen \u00dcberlieferungen stellen\u2026<\/p>\n<p class=\"continue-reading-button\"> <a class=\"continue-reading-link\" href=\"https:\/\/musikkapelle-reimlingen.de\/?page_id=38\">Lesen<i class=\"crycon-right-dir\"><\/i><\/a><\/p>\n","protected":false},"author":1,"featured_media":0,"parent":0,"menu_order":5,"comment_status":"closed","ping_status":"closed","template":"","meta":{"footnotes":""},"class_list":["post-38","page","type-page","status-publish","hentry"],"_links":{"self":[{"href":"https:\/\/musikkapelle-reimlingen.de\/index.php?rest_route=\/wp\/v2\/pages\/38","targetHints":{"allow":["GET"]}}],"collection":[{"href":"https:\/\/musikkapelle-reimlingen.de\/index.php?rest_route=\/wp\/v2\/pages"}],"about":[{"href":"https:\/\/musikkapelle-reimlingen.de\/index.php?rest_route=\/wp\/v2\/types\/page"}],"author":[{"embeddable":true,"href":"https:\/\/musikkapelle-reimlingen.de\/index.php?rest_route=\/wp\/v2\/users\/1"}],"replies":[{"embeddable":true,"href":"https:\/\/musikkapelle-reimlingen.de\/index.php?rest_route=%2Fwp%2Fv2%2Fcomments&post=38"}],"version-history":[{"count":3,"href":"https:\/\/musikkapelle-reimlingen.de\/index.php?rest_route=\/wp\/v2\/pages\/38\/revisions"}],"predecessor-version":[{"id":445,"href":"https:\/\/musikkapelle-reimlingen.de\/index.php?rest_route=\/wp\/v2\/pages\/38\/revisions\/445"}],"wp:attachment":[{"href":"https:\/\/musikkapelle-reimlingen.de\/index.php?rest_route=%2Fwp%2Fv2%2Fmedia&parent=38"}],"curies":[{"name":"wp","href":"https:\/\/api.w.org\/{rel}","templated":true}]}}